{"id":7946,"date":"2018-10-30T20:44:14","date_gmt":"2018-10-30T19:44:14","guid":{"rendered":"https:\/\/jgdesign.ch\/store\/?post_type=product&#038;p=7946"},"modified":"2018-10-30T21:09:47","modified_gmt":"2018-10-30T20:09:47","slug":"knospenkreis","status":"publish","type":"product","link":"https:\/\/jgdesign.ch\/store\/produkt\/knospenkreis\/","title":{"rendered":"Knospenkreis"},"content":{"rendered":"<p>Gummistempel auf Holz montiert<br \/>\nUnsere Lasergummistempel werden alle in unserem Hause gezeichnet, designt, erstellt und montiert.<br \/>\nDie H\u00f6lzer stammen aus einheimischen, wieder aufgeforsteten W\u00e4ldern und werden in einer sozialen ISO zertifizierten Einrichtung zugeschnitten.<\/p>\n<div class=\"fcbkbttn_buttons_block\" id=\"fcbkbttn_left\"><div class=\"fcbkbttn_button\">\n                            <a href=\"https:\/\/www.facebook.com\/jgdesign.ch\" target=\"_blank\">\n                                <img decoding=\"async\" src=\"https:\/\/jgdesign.ch\/store\/wp-content\/plugins\/facebook-button-plugin\/images\/standard-facebook-ico.png\" alt=\"Fb-Button\" \/>\n                            <\/a>\n                        <\/div><div class=\"fcbkbttn_like \"><fb:like href=\"https:\/\/jgdesign.ch\/store\/produkt\/knospenkreis\/\" action=\"like\" colorscheme=\"light\" layout=\"standard\"  width=\"450px\" size=\"small\"><\/fb:like><\/div><div class=\"fb-share-button  \" data-href=\"https:\/\/jgdesign.ch\/store\/produkt\/knospenkreis\/\" data-type=\"button_count\" data-size=\"small\"><\/div><\/div>","protected":false},"excerpt":{"rendered":"<p>Dieser Stempel ist von mir pers\u00f6nlich gezeichnet und wird in der Schweiz mit Lasertechnik produziert.<br \/>\nDas Motiv ist auf dem R\u00fccken Holzgriffes mit Griffmulden graviert.<\/p>\n<p>Das Holz wird in einer gemeinn\u00fctzigen Institution f\u00fcr mich zuges\u00e4gt und stammt aus W\u00e4ldern aus der Region.<\/p>\n","protected":false},"featured_media":7950,"comment_status":"open","ping_status":"closed","template":"","meta":[],"product_cat":[37,43],"product_tag":[101,95],"_links":{"self":[{"href":"https:\/\/jgdesign.ch\/store\/wp-json\/wp\/v2\/product\/7946"}],"collection":[{"href":"https:\/\/jgdesign.ch\/store\/wp-json\/wp\/v2\/product"}],"about":[{"href":"https:\/\/jgdesign.ch\/store\/wp-json\/wp\/v2\/types\/product"}],"replies":[{"embeddable":true,"href":"https:\/\/jgdesign.ch\/store\/wp-json\/wp\/v2\/comments?post=7946"}],"wp:featuredmedia":[{"embeddable":true,"href":"https:\/\/jgdesign.ch\/store\/wp-json\/wp\/v2\/media\/7950"}],"wp:attachment":[{"href":"https:\/\/jgdesign.ch\/store\/wp-json\/wp\/v2\/media?parent=7946"}],"wp:term":[{"taxonomy":"product_cat","embeddable":true,"href":"https:\/\/jgdesign.ch\/store\/wp-json\/wp\/v2\/product_cat?post=7946"},{"taxonomy":"product_tag","embeddable":true,"href":"https:\/\/jgdesign.ch\/store\/wp-json\/wp\/v2\/product_tag?post=7946"}],"curies":[{"name":"wp","href":"https:\/\/api.w.org\/{rel}","templated":true}]}}