{"id":7504,"date":"2017-04-08T12:05:58","date_gmt":"2017-04-08T11:05:58","guid":{"rendered":"https:\/\/jgdesign.ch\/store\/?post_type=product&#038;p=7504"},"modified":"2019-04-17T23:20:44","modified_gmt":"2019-04-17T22:20:44","slug":"schablonenfolie-2","status":"publish","type":"product","link":"https:\/\/jgdesign.ch\/store\/produkt\/schablonenfolie-2\/","title":{"rendered":"Siser P.S. Film Flexfolie Breite 50cm, je 10cm l\u00e4nge"},"content":{"rendered":"<p>Breite 50cm<\/p>\n<p>pro bestelltem St\u00fcck werden 10 cm\u00a0geliefert. wenn 3 St\u00fcck bestellt werden 30cm am St\u00fcck geliefert.<\/p>\n<div class=\"fcbkbttn_buttons_block\" id=\"fcbkbttn_left\"><div class=\"fcbkbttn_button\">\n                            <a href=\"https:\/\/www.facebook.com\/jgdesign.ch\" target=\"_blank\">\n                                <img decoding=\"async\" src=\"https:\/\/jgdesign.ch\/store\/wp-content\/plugins\/facebook-button-plugin\/images\/standard-facebook-ico.png\" alt=\"Fb-Button\" \/>\n                            <\/a>\n                        <\/div><div class=\"fcbkbttn_like \"><fb:like href=\"https:\/\/jgdesign.ch\/store\/produkt\/schablonenfolie-2\/\" action=\"like\" colorscheme=\"light\" layout=\"standard\"  width=\"450px\" size=\"small\"><\/fb:like><\/div><div class=\"fb-share-button  \" data-href=\"https:\/\/jgdesign.ch\/store\/produkt\/schablonenfolie-2\/\" data-type=\"button_count\" data-size=\"small\"><\/div><\/div>","protected":false},"excerpt":{"rendered":"<p>Siser P.S. Film Flexfolie<br \/>\nkalt oder warm abziehen<\/p>\n<p>Die Siser P.S. Film Flexfolie ist eine PVC-freie Transfer-Flexfolie f\u00fcr Textilveredelungen von Baumwolle, Polyester und deren Mischgeweben. Es handelt sich um eine mit 95 \u00b5 St\u00e4rke d\u00fcnne und recht elastische Flexfolie aus Polyurethan, die sich mit allen markt\u00fcblichen Schneideplottern sehr leicht verarbeiten l\u00e4sst. Der r\u00fcckklebende Polyestertr\u00e4ger vereinfacht das Entgittern, womit die Folie nicht nur bei kleinen Schriften ihre St\u00e4rke ausspielen kann. Aufgrund des speziellen Hei\u00dfschmelzklebers ist die Siser Flexfolie sogar f\u00fcr Mehrschichtanwendungen geeignet. Mit einer Waschbarkeit bis 80 \u00b0C ist die P.S. Film Flexfolie auch hervorragend f\u00fcr Workwear und Kinderkleidung geeignet.<\/p>\n<p><strong>Zertifiziert nach OEKO-TEX\u00ae Standard 100 Klasse I! <\/strong><\/p>\n<p><a href=\"https:\/\/jgdesign.ch\/store\/wp-content\/uploads\/2017\/04\/presszeit-1.png\"><img loading=\"lazy\" decoding=\"async\" class=\"alignnone wp-image-7510\" src=\"https:\/\/jgdesign.ch\/store\/wp-content\/uploads\/2017\/04\/presszeit-1-300x74.png\" alt=\"\" width=\"507\" height=\"125\" srcset=\"https:\/\/jgdesign.ch\/store\/wp-content\/uploads\/2017\/04\/presszeit-1-300x74.png 300w, https:\/\/jgdesign.ch\/store\/wp-content\/uploads\/2017\/04\/presszeit-1-416x103.png 416w, https:\/\/jgdesign.ch\/store\/wp-content\/uploads\/2017\/04\/presszeit-1-768x190.png 768w, https:\/\/jgdesign.ch\/store\/wp-content\/uploads\/2017\/04\/presszeit-1-1000x248.png 1000w, https:\/\/jgdesign.ch\/store\/wp-content\/uploads\/2017\/04\/presszeit-1-600x149.png 600w, https:\/\/jgdesign.ch\/store\/wp-content\/uploads\/2017\/04\/presszeit-1.png 1002w\" sizes=\"(max-width: 507px) 100vw, 507px\" \/><\/a><\/p>\n<p>&nbsp;<\/p>\n","protected":false},"featured_media":7558,"comment_status":"open","ping_status":"closed","template":"","meta":[],"product_cat":[199,200,700],"product_tag":[635,629,734,737,632],"_links":{"self":[{"href":"https:\/\/jgdesign.ch\/store\/wp-json\/wp\/v2\/product\/7504"}],"collection":[{"href":"https:\/\/jgdesign.ch\/store\/wp-json\/wp\/v2\/product"}],"about":[{"href":"https:\/\/jgdesign.ch\/store\/wp-json\/wp\/v2\/types\/product"}],"replies":[{"embeddable":true,"href":"https:\/\/jgdesign.ch\/store\/wp-json\/wp\/v2\/comments?post=7504"}],"wp:featuredmedia":[{"embeddable":true,"href":"https:\/\/jgdesign.ch\/store\/wp-json\/wp\/v2\/media\/7558"}],"wp:attachment":[{"href":"https:\/\/jgdesign.ch\/store\/wp-json\/wp\/v2\/media?parent=7504"}],"wp:term":[{"taxonomy":"product_cat","embeddable":true,"href":"https:\/\/jgdesign.ch\/store\/wp-json\/wp\/v2\/product_cat?post=7504"},{"taxonomy":"product_tag","embeddable":true,"href":"https:\/\/jgdesign.ch\/store\/wp-json\/wp\/v2\/product_tag?post=7504"}],"curies":[{"name":"wp","href":"https:\/\/api.w.org\/{rel}","templated":true}]}}