{"id":7154,"date":"2017-01-31T13:58:43","date_gmt":"2017-01-31T12:58:43","guid":{"rendered":"https:\/\/jgdesign.ch\/store\/produkt\/schablonenfolie\/"},"modified":"2017-01-31T14:09:48","modified_gmt":"2017-01-31T13:09:48","slug":"schablonenfolie","status":"publish","type":"product","link":"https:\/\/jgdesign.ch\/store\/produkt\/schablonenfolie\/","title":{"rendered":"TCW-340 Schablonenfolie 12&#215;12&#8243; 3er Pack"},"content":{"rendered":"<p>Kunststoffschablone von The Crafters Workshop<br \/>\n3er Pack<br \/>\nca. 30,5 x 30,5 cm<\/p>\n<div class=\"fcbkbttn_buttons_block\" id=\"fcbkbttn_left\"><div class=\"fcbkbttn_button\">\n                            <a href=\"https:\/\/www.facebook.com\/jgdesign.ch\" target=\"_blank\">\n                                <img decoding=\"async\" src=\"https:\/\/jgdesign.ch\/store\/wp-content\/plugins\/facebook-button-plugin\/images\/standard-facebook-ico.png\" alt=\"Fb-Button\" \/>\n                            <\/a>\n                        <\/div><div class=\"fcbkbttn_like \"><fb:like href=\"https:\/\/jgdesign.ch\/store\/produkt\/schablonenfolie\/\" action=\"like\" colorscheme=\"light\" layout=\"standard\"  width=\"450px\" size=\"small\"><\/fb:like><\/div><div class=\"fb-share-button  \" data-href=\"https:\/\/jgdesign.ch\/store\/produkt\/schablonenfolie\/\" data-type=\"button_count\" data-size=\"small\"><\/div><\/div>","protected":false},"excerpt":{"rendered":"<p>Individuelle Schablonen gestalten und mit dem Schneidplotter schneiden.<\/p>\n<p>Die TCW Schablonen sind aus flexiblem und doch stabilem Kunststoff.<\/p>\n<p>Beliebt f\u00fcr Scrapbooking und Mixed Media.<\/p>\n<p>Zum Gestalten von Hintergr\u00fcnden, indem Farbe dr\u00fcber gewischt oder gespr\u00fcht wird oder um mit Hilfe eines Spachtels Reliefpaste aufzutragen.<\/p>\n","protected":false},"featured_media":7157,"comment_status":"open","ping_status":"closed","template":"","meta":[],"product_cat":[199,200,700],"product_tag":[635,629,734,731,737,740,632,743],"_links":{"self":[{"href":"https:\/\/jgdesign.ch\/store\/wp-json\/wp\/v2\/product\/7154"}],"collection":[{"href":"https:\/\/jgdesign.ch\/store\/wp-json\/wp\/v2\/product"}],"about":[{"href":"https:\/\/jgdesign.ch\/store\/wp-json\/wp\/v2\/types\/product"}],"replies":[{"embeddable":true,"href":"https:\/\/jgdesign.ch\/store\/wp-json\/wp\/v2\/comments?post=7154"}],"wp:featuredmedia":[{"embeddable":true,"href":"https:\/\/jgdesign.ch\/store\/wp-json\/wp\/v2\/media\/7157"}],"wp:attachment":[{"href":"https:\/\/jgdesign.ch\/store\/wp-json\/wp\/v2\/media?parent=7154"}],"wp:term":[{"taxonomy":"product_cat","embeddable":true,"href":"https:\/\/jgdesign.ch\/store\/wp-json\/wp\/v2\/product_cat?post=7154"},{"taxonomy":"product_tag","embeddable":true,"href":"https:\/\/jgdesign.ch\/store\/wp-json\/wp\/v2\/product_tag?post=7154"}],"curies":[{"name":"wp","href":"https:\/\/api.w.org\/{rel}","templated":true}]}}