{"id":1804,"date":"2015-11-03T15:34:41","date_gmt":"2015-11-03T14:34:41","guid":{"rendered":"https:\/\/jgdesign.ch\/store\/?product=mobile-printy-4912"},"modified":"2019-04-14T11:12:56","modified_gmt":"2019-04-14T10:12:56","slug":"mobile-printy-4912","status":"publish","type":"product","link":"https:\/\/jgdesign.ch\/store\/produkt\/mobile-printy-4912\/","title":{"rendered":"Mobile Printy 4912"},"content":{"rendered":"<p>Der Mobile Printy mit der einzigartigen Einhand-Bedienung ist der einfachste, stabilste und sauberste Taschenstempel, den es je gab. Sein modernes Design unterstreicht die innovative Funktionalit\u00e4t und macht ihn zu einem praktischen und attraktiven Accessoire f\u00fcr unterwegs.<br \/>\nDie intelligente Technik erm\u00f6glicht \u00d6ffnen, Stempeln und Schlie\u00dfen mit nur einer Hand.<\/p>\n<p>Die einzigartige Pyramidenform mit stabiler 5-Punkt-Auflage sorgt f\u00fcr optimale Druckverteilung auf der gesamten Textplatte und garantiert gleichm\u00e4\u00dfige, saubere Abdrucke.<\/p>\n<p>Das innenliegende Kissen macht Fingerkontakt mit der Stempelfarbe unm\u00f6glich und h\u00e4lt Ihre Finger sauber.<br \/>\nUnsere Lasergummistempel werden alle in unserem Hause gezeichnet, designt, erstellt und montiert.<\/p>\n<div class=\"fcbkbttn_buttons_block\" id=\"fcbkbttn_left\"><div class=\"fcbkbttn_button\">\n                            <a href=\"https:\/\/www.facebook.com\/jgdesign.ch\" target=\"_blank\">\n                                <img decoding=\"async\" src=\"https:\/\/jgdesign.ch\/store\/wp-content\/plugins\/facebook-button-plugin\/images\/standard-facebook-ico.png\" alt=\"Fb-Button\" \/>\n                            <\/a>\n                        <\/div><div class=\"fcbkbttn_like \"><fb:like href=\"https:\/\/jgdesign.ch\/store\/produkt\/mobile-printy-4912\/\" action=\"like\" colorscheme=\"light\" layout=\"standard\"  width=\"450px\" size=\"small\"><\/fb:like><\/div><div class=\"fb-share-button  \" data-href=\"https:\/\/jgdesign.ch\/store\/produkt\/mobile-printy-4912\/\" data-type=\"button_count\" data-size=\"small\"><\/div><\/div>","protected":false},"excerpt":{"rendered":"<p>Der Mobile Printy ist\u00a0mit einem schwarzen Stempelkissen\u00a0best\u00fcckt.\u00a0Fabrige Auswechelkissen k\u00f6nnen dazu bestellt werden.<\/p>\n<p><strong>Bitte schreib uns in die Bemerkungen beim Bestellprozess, welchen Text du gerne bei diesem Stempel eingesetzt haben m\u00f6chtest oder schick uns dein Bild als Antwort auf die Auftragsbest\u00e4tigung.<\/strong><\/p>\n<p>Max. Textplattengr\u00f6\u00dfe:<br \/>\n47\u00a0x\u00a018 mm<\/p>\n","protected":false},"featured_media":1822,"comment_status":"open","ping_status":"closed","template":"","meta":[],"product_cat":[37,52,424],"product_tag":[427,430],"_links":{"self":[{"href":"https:\/\/jgdesign.ch\/store\/wp-json\/wp\/v2\/product\/1804"}],"collection":[{"href":"https:\/\/jgdesign.ch\/store\/wp-json\/wp\/v2\/product"}],"about":[{"href":"https:\/\/jgdesign.ch\/store\/wp-json\/wp\/v2\/types\/product"}],"replies":[{"embeddable":true,"href":"https:\/\/jgdesign.ch\/store\/wp-json\/wp\/v2\/comments?post=1804"}],"wp:featuredmedia":[{"embeddable":true,"href":"https:\/\/jgdesign.ch\/store\/wp-json\/wp\/v2\/media\/1822"}],"wp:attachment":[{"href":"https:\/\/jgdesign.ch\/store\/wp-json\/wp\/v2\/media?parent=1804"}],"wp:term":[{"taxonomy":"product_cat","embeddable":true,"href":"https:\/\/jgdesign.ch\/store\/wp-json\/wp\/v2\/product_cat?post=1804"},{"taxonomy":"product_tag","embeddable":true,"href":"https:\/\/jgdesign.ch\/store\/wp-json\/wp\/v2\/product_tag?post=1804"}],"curies":[{"name":"wp","href":"https:\/\/api.w.org\/{rel}","templated":true}]}}